actor of k and x.
21
Let n be (-5)/20 - (-14)/(-8). Let v be 63 - 3*n/3. Let w = -30 + 56. What is the greatest common divisor of v and w?
13
Let f be 3 + (13 + 0 - 3). Let m = f + -13. Let q be 101 - (-1 - m) - 3. What is the greatest common divisor of q and 11?
11
Let a(q) = 4*q**2 - 52*q + 5. Suppose 10*n = 11*n - 13. Let d be a(n). Calculate the highest common factor of d and 70.
5
Suppose 0*f - 2*f = -5*n + 10, -n + 2*f + 2 = 0. Suppose 2*k - 3*a + 35 = 201, 4 = -n*a. What is the highest common factor of 10 and k?
10
Let q(r) = r**2 + 18*r - 8. Let j be q(-20). What is the greatest common divisor of j and 544?
32
Let k(x) = 8*x - 18. Let u = -5 - -8. Let z be k(u). What is the greatest common factor of z and 30?
6
Let d(w) = -w**3 - 16*w**2 - w + 25. Let s be d(-16). Calculate the greatest common divisor of 205 and s.
41
Let a be ((-264)/16)/((-3)/54). Calculate the greatest common factor of 33 and a.
33
Suppose 4*x + 3*q = 83, -359*x - 3*q - 19 = -361*x. Suppose 0*b + 340 = 4*b. What is the greatest common factor of b and x?
17
Let n be -192*(-2 + 4/4). Suppose 3*m - n = -3*m. Calculate the greatest common divisor of m and 16.
16
Suppose 0 = -h + 27 + 25. What is the greatest common divisor of 13 and h?
13
Let f(x) = 5 - 22*x + 15*x - 10*x**2 + 8*x**2 + x**3. Let m be f(4). What is the greatest common divisor of m and 3?
3
Let u = 17 + -1. Let x = u - -12. Calculate the highest common divisor of x and 7.
7
Suppose -361 = -39*p + 887. What is the highest common divisor of 8 and p?
8
Suppose 5*b - 140 = -5*b. Let a be 2/((-5)/((-90)/(-4))). Let v = a + b. Calculate the greatest common divisor of 45 and v.
5
Let x = -142 + -38. Let k(p) = -p**3 - 4*p**2 + 19*p + 27. Let l be k(-6). Let s be x/(l/3) + 4. Calculate the highest common divisor of s and 20.
20
Let c(a) be the third derivative of a**5/60 + a**4/4 - 2*a**3/3 + 12*a**2. Let u be c(-12). What is the highest common divisor of u and 170?
34
Let k(z) = -z + 20. Let v be k(12). Suppose 3*c + 2*c = -5, -o + v = c. What is the greatest common divisor of 27 and o?
9
Suppose -36 = 5*w + 3*d + d, 4*w + 20 = -d. Let y be (-234)/w + (-27)/(-18). What is the greatest common factor of 15 and y?
15
Let o = -11 + -10. Let v = -9 - o. Calculate the greatest common factor of v and 48.
12
Let j = 42 + -39. Let h = 8 - 6. Let x be (h - 12/9)*18. Calculate the highest common divisor of j and x.
3
Let r = 398 + -392. What is the highest common factor of 46 and r?
2
Let m(k) = 12*k + 9. Let a be ((-2)/1)/(-2) + 1. Let x be m(a). Calculate the greatest common divisor of x and 11.
11
Suppose 6*r + 140 = 16*r. Calculate the greatest common divisor of r and 322.
14
Suppose -673 = 9*i - 250. Let p = 61 + i. What is the greatest common factor of p and 28?
14
Let f be -1*(-20 - (-4 + 0)). Suppose 0 = m + g - f, m + 3*g = 8*g + 4. What is the greatest common factor of m and 112?
14
Suppose -3*i - 177 = 3*p, 3*p - p + 138 = 2*i. Let w = p + 127. Calculate the highest common factor of 9 and w.
9
Suppose 10 + 11 = p. Suppose 23*c - 64 = p*c. Calculate the highest common divisor of 80 and c.
16
Suppose -37*m + 26*m = -165. Calculate the greatest common factor of 48 and m.
3
Let m be 110*11/(99/36). Calculate the greatest common factor of 40 and m.
40
Suppose 0 = 26*t + 97 - 331. What is the greatest common divisor of 6 and t?
3
Suppose 0 = 5*l + 164 - 464. Let v be ((-9)/12)/(0 + (-5)/l). What is the greatest common divisor of 6 and v?
3
Suppose c - 3 = 2*m, 17*c - 3*m - 5 = 15*c. What is the greatest common factor of 41 and c?
1
Let y be 0 + -16 + (8 + -2 - 8). Let s = y - -29. Calculate the greatest common divisor of s and 11.
11
Let x = 49 + -47. Suppose -q + 5*v = q - 106, q - x*v = 52. Calculate the greatest common divisor of 96 and q.
48
Suppose 28 = b - 4*q, -b = 2*q + 5 - 15. Calculate the highest common factor of b and 304.
16
Suppose -4*d = -d - 72. Let n(o) = 3*o**3 - 4*o**2 + 42*o - 123. Let r be n(3). Calculate the greatest common divisor of r and d.
24
Let j be 7 + 341 - 15/3*1. What is the greatest common divisor of j and 49?
49
Let a be 10896/8*(-2)/(-6). Let y be a/14 - 6/14. What is the highest common factor of 32 and y?
32
Let t = -196 + 336. Calculate the greatest common factor of t and 20.
20
Let c(t) = t**2 - 4*t. Let v be c(6). Suppose -3*j + 66 = v. Suppose 3*q - 54 = 5*a, -5*q - 4*a + 1 = -89. Calculate the greatest common factor of j and q.
18
Suppose -1233 + 258 = -5*i. Let a = i + -125. Calculate the greatest common factor of 10 and a.
10
Let q(n) = -99*n - 21. Let x(w) = 299*w + 64. Let s(u) = -11*q(u) - 4*x(u). Let z be s(-2). Calculate the greatest common divisor of 21 and z.
21
Let r be 3*(-2)/21 + (-7925)/(-175). Calculate the highest common divisor of 5 and r.
5
Let f be (3 + (-165)/11)/(6/(-16)). What is the highest common factor of f and 232?
8
Suppose 12*d - 13933 = -8317. Calculate the highest common divisor of d and 48.
12
Let v be 0 - ((-8)/8 - -5) - -382. What is the highest common factor of v and 56?
14
Let l = -524 + 541. What is the greatest common factor of l and 1241?
17
Let u(k) be the third derivative of -k**5/60 + k**4/24 + 175*k**3/6 - 25*k**2. Let p be u(0). What is the highest common factor of p and 25?
25
Suppose 2*r - 222 = -3*v, 2*v - 5*v = -5*r + 534. Let p = 134 + -116. Calculate the highest common factor of r and p.
18
Suppose 0 = -l - l + f + 50, -4*l - 2*f = -84. What is the greatest common factor of l and 989?
23
Let b(l) = -7 + 79*l - 75*l - 13. Let d be b(14). What is the greatest common factor of 60 and d?
12
Suppose 2*l = 3*x + 272, -4*x - 282 = -x + 3*l. Let u = -83 - x. Calculate the greatest common divisor of 12 and u.
3
Suppose -12*n - 54 = -15*n. What is the highest common divisor of n and 36?
18
Let n = -7 + 9. Calculate the highest common divisor of 26 and n.
2
Let x be 20/150 - 73/(-15). Suppose 0 = -5*w + 55 + x. Calculate the greatest common divisor of w and 96.
12
Let k = -2 - -6. Suppose 2*t + k*y = 4*t - 12, 0 = -2*t - 5*y + 39. Let v be (-4)/(-30) + 356/30. What is the highest common factor of v and t?
12
Suppose -2*p - 4*n + 84 = 0, 0 = 2*n - 4*n + 8. Calculate the greatest common divisor of 85 and p.
17
Suppose -13*y - 114 = -15*y. Calculate the highest common factor of 912 and y.
57
Let r(o) be the second derivative of -2*o**3/3 + 32*o**2 + 24*o. Let i be r(11). What is the greatest common factor of i and 5?
5
Let p = 57 + -40. Suppose -4*q = -3*n - 53 + 135, 5*q + n = -93. Let a = q + 36. Calculate the highest common divisor of p and a.
17
Let b(j) = 4*j**3 + 2*j**2 + 5*j + 42. Let r be b(4). Calculate the greatest common divisor of r and 175.
175
Let j = 1905 + -1835. What is the highest common factor of 190 and j?
10
Let i(j) = j**2 - 4*j - 13. Let o be i(10). Suppose 2*z + 51 + 2 = q, 4*q + 40 = -z. Let k be o/4 - 7/z. What is the greatest common factor of k and 18?
6
Suppose -5*n = -101 - 24. Let u be -3*-2*30/36. Calculate the highest common factor of u and n.
5
Suppose 2*u + 4*r = -10, u - 10 = 3*u - 5*r. Let h be 2/(-5) - 562/u. Let q be ((-98)/(-21))/(3/9). What is the greatest common divisor of q and h?
14
Let m(x) = -x**2 + 6*x - 4. Let s be m(5). Let l = s + -11. Let k be (896/l)/4*-5. Calculate the greatest common factor of 14 and k.
14
Suppose -6*d + 117 = -3*d. What is the highest common factor of d and 117?
39
Let g be -13 - 20/((-80)/252). What is the highest common divisor of g and 320?
10
Let d(p) = p - 11. Let s be d(0). Let v = s + 51. Let f = -14 - -30. What is the highest common factor of v and f?
8
Let c = -409 - -410. Calculate the highest common factor of c and 41.
1
Let j = 37 + 5. Calculate the highest common factor of 168 and j.
42
Let p be ((-8)/(-4) - 0)*10. Let c = 101 - -39. Calculate the greatest common factor of c and p.
20
Let v(g) = -2*g**3 - 2*g**2. Let b be v(-2). Suppose 0 = -b*i + 7*i + 5. Suppose 60 = -2*w + 6*w. What is the greatest common divisor of i and w?
5
Suppose 0*v - 245 = -4*l - v, -85 = -l - 5*v. Calculate the highest common factor of 90 and l.
30
Let c be 3 - 13 - -2 - -20. Calculate the highest common divisor of c and 1536.
12
Suppose 6*p - 176 = 2*p. Suppose v + 67 - 94 = -2*q, -v + 38 = 3*q. What is the greatest common factor of p and q?
11
Suppose 90 = 3*j + 2*i, 5*i = 2*j 